d by y?
116
Let p(f) = 2*f**2 + 41*f + 249. Calculate the remainder when 715 is divided by p(-13).
13
Suppose -3*d + 588 = 5*h - 2*h, 0 = 2*h - 10. Let k = d - 92. Calculate the remainder when k is divided by 50.
49
Let n(w) be the third derivative of -w**5/60 - 5*w**4/12 - 8*w**3/3 + 3*w**2 - 7. Let o = 135 - 89. What is the remainder when o is divided by n(-4)?
6
Let z(h) = 5*h**2 + 39*h - 8. Let t be z(-8). Let x(c) = -c**2 + 8*c - 9. Let m be x(6). Suppose -m*b + t*b = -63. What is the remainder when b is divided by 8?
5
Let k(m) = 10*m**2 + 792*m + 178. What is the remainder when 1378 is divided by k(-79)?
18
Suppose 13*o = -22*o + 595. What is the remainder when 258 is divided by o?
3
Let x = 981 + -952. Suppose -13*d - x*d + 3738 = 0. What is the remainder when d is divided by 34?
21
Let p(y) = 160*y + 10600. What is the remainder when 15757 is divided by p(-66)?
37
Suppose -3*c = s - 9 + 4, 4*s - 20 = 3*c. Let f(n) = -2*n**2 + 192. Let p be f(c). Suppose p - 17 = 7*o. Calculate the remainder when 46 is divided by o.
21
Let m(r) = 11*r - 12. Let s(q) = q**2 + 8*q + 10. Let x be s(-7). Calculate the remainder when 102 is divided by m(x).
18
Suppose -4*k - 10*d = -700, 5*k - 5*d - 430 = 375. What is the remainder when k is divided by 11?
0
Let c(t) = 10*t**3 - 1119*t**2 - 114*t + 249. What is the remainder when 558 is divided by c(112)?
8
Let r be 11/2 + 12/8. Suppose 24 = -r*s - 4. Calculate the remainder when 17 is divided by 48/5 + s/(-10).
7
Let q(j) = -j + 7. Let d be (-8 - -5)*3 + -2 + 1. Calculate the remainder when 43 is divided by q(d).
9
Let o be ((-7)/(-21))/((-4)/(-12)). Let k(t) = 59*t**3 + 4*t - 4. Calculate the remainder when 175 is divided by k(o).
57
Suppose 4*a = 70*l - 67*l + 17, -l = -4*a + 19. What is the remainder when 96 is divided by a?
1
Let m be (-9 + 99)/((-2)/2*-2). What is the remainder when ((-30)/m)/(4/(-390)) is divided by 10?
5
Suppose 3*b - 990 = -4*t + 5*b, 1486 = 6*t - 2*b. Calculate the remainder when t is divided by 98.
52
Let n(w) = 371*w**2 - 5872*w - 29. Calculate the remainder when n(16) is divided by 4.
3
Let k = 631 - 614. Calculate the remainder when 117 is divided by k.
15
Let w = -84 + -8. Let n = w + 205. Calculate the remainder when n is divided by 30.
23
Suppose -3*n - 48 = -y, 4*y - 162 = 14*n - 17*n. Suppose 21 + 34 = 5*s. Calculate the remainder when y is divided by s.
9
Let b(f) = f**3 + 10*f**2 + 9*f - 243. Calculate the remainder when b(20) is divided by 94.
93
Suppose -89 = -a + 45. Suppose -8*w + 98 = -a. Calculate the remainder when 260 is divided by w.
28
Suppose -5*u - 2*x = -20215, 54*u = 50*u - 5*x + 16155. What is the remainder when u is divided by 71?
69
Let w(t) = t**2 - 4. Calculate the remainder when w(5) is divided by (-25179)/(-218)*(-10)/(-105).
10
Let q = -784 + 771. Calculate the remainder when 93 is divided by (3/q)/(35/(-455)).
0
Let j = 14080 - 13831. What is the remainder when 4231 is divided by j?
247
Let i(f) be the second derivative of 0 - 1/3*f**3 + 10*f**2 - 18*f + 1/4*f**4. What is the remainder when i(6) is divided by 30?
26
Suppose 14*u - 42 = 8*u. Suppose 2*l + 6*q - 9*q - u = 0, -3*q = l - 17. Let w(j) = -j + 2. Calculate the remainder when l is divided by w(0).
0
Suppose 2*u - 5 - 3 = 0. Let v(c) = -c**3 + 5*c**2 + 3*c + 2. Let n be v(u). Calculate the remainder when 88 is divided by 33/2 + n/(-20).
13
Suppose -9*k - 7 = -10*k. Suppose 3 - k = -j. Suppose j*u - 120 = -4*u. Calculate the remainder when 72 is divided by u.
12
Let f be 4*(-18)/24 + 3. What is the remainder when 117 is divided by (-62 - f)/(6 + -8)?
24
Let x(m) = m**2 - 117*m - 4867. Calculate the remainder when 2074 is divided by x(150).
82
Let s(k) = 2*k**3 - 159*k**2 - 408*k - 158. Let p(f) = -f**3 - 3*f**2 + 6*f + 5. What is the remainder when p(-5) is divided by s(82)?
1
Let b be (-1)/5 + (-14)/(-70). Suppose -2*v - 20 = -n, -5*n - v + 111 = -b*v. What is the remainder when 6*-1*(-302)/12 is divided by n?
19
Suppose 0*m + m - 2*q - 193 = 0, -2*m - 4*q = -410. Suppose 5450 = 52*t - 49*t + 106*t. Calculate the remainder when m is divided by t.
49
Let q = -285 + 286. Suppose -l - q + 57 = 0. Calculate the remainder when l is divided by ((-16)/(-6))/(2/15).
16
Let m = -2294 + 5414. Calculate the remainder when m is divided by 74.
12
Let d(u) = 24*u**2 - 14*u - 48. Let z = 135 - 138. Calculate the remainder when d(z) is divided by 55.
45
Let p(a) = a**2 - 4*a - 12. Let l be p(6). Suppose -5*h - 5*x + 550 = l, 218 = 5*h - 3*h + 4*x. Let y = 14 + 14. Calculate the remainder when h is divided by y.
27
What is the remainder when 742 is divided by (-48)/(-168) - ((0 - (-94)/(-14)) + 1)?
4
Let j = -30 - -35. Suppose j*s + 324 = 9*s. Suppose 6*m - 2*m = 56. What is the remainder when s is divided by m?
11
Let q(n) = -n**3 + 5*n**2 - n + 5. Let k(y) = y**2 + 9*y - 96. Calculate the remainder when q(4) is divided by k(-16).
1
Let z be 20/(-3) - ((-276)/36 - -7). What is the remainder when 102/(z/(-3))*2/3 is divided by 9?
7
Suppose 0*n - 10 = -2*n, -4*a - 6*n + 758 = 0. Calculate the remainder when a is divided by 82.
18
Let f(j) = j**2 + 243*j - 956. What is the remainder when 976 is divided by f(4)?
16
Suppose 3*p + 5*a = 732, 138*a + 976 = 4*p + 136*a. Calculate the remainder when p is divided by 10.
4
Let s = -60 + 119. Let n(x) = -x**3 + 28*x**2 + 6*x - 160. What is the remainder when s is divided by n(28)?
3
Suppose 4*i - 4*k = 20, 0 = -2*i + k - 12 + 20. Suppose -5*z = -5*n + 160, -2*z + i = z. Calculate the remainder when n is divided by 5.
3
Let v be (-2856)/(-252) - 1/3. Suppose -v*q + 4*s = -8*q - 39, 0 = -4*q - 3*s + 52. Calculate the remainder when 102 is divided by q.
11
Suppose -3512*f + 266 = -3498*f. Suppose b - 4 = 3*m, -7*m - 44 = -5*b - 4*m. What is the remainder when f is divided by b?
9
Let n = 9654 - 8518. Calculate the remainder when n is divided by 15.
11
Suppose 57900 = 26*y + 55352. What is the remainder when 1855 is divided by y?
91
Let i be (-6)/(-14) + (-8)/((-224)/2620). Suppose -i = 10*h - 334. What is the remainder when 84 is divided by h?
12
Let x(n) = -44*n + 0*n**2 + 3 - n**2 - n**2 - 21*n + 59. Calculate the remainder when 243 is divided by x(-33).
11
Let i = 2686 - 2645. What is the remainder when 74 is divided by i?
33
Let t(c) = c**2 - 16*c + 37. Suppose 8*z - 2*z - 252 = 0. What is the remainder when z is divided by t(14)?
6
Let k(h) = -h**2 - 12*h + 126. Calculate the remainder when 1182 is divided by k(-11).
86
Suppose 4*t - 2547 = -5*y, 3*t = -2*y - 276 + 1299. What is the remainder when y is divided by 250?
7
Let v = -46 + 77. Let l(d) = d**3 - 22*d**2 - d + 32. Let c be l(22). Calculate the remainder when -12*(-1 - 65/c) is divided by v.
28
Let r = -19 + -11. Let y = 75 - r. Suppose 14*i - 21*i + 189 = 0. What is the remainder when y is divided by i?
24
Let v(z) = -2*z**3 - 7*z**2 + 44*z + 197. What is the remainder when 951 is divided by v(-7)?
23
Suppose 52*q = 47*q + 5*z + 45, z = 5*q - 45. What is the remainder when 10725 is divided by q?
6
Suppose -3*v = f - 1506, -579*v + 578*v - 4*f = -502. Calculate the remainder when v is divided by 7.
5
Let u = 542 + -539. Suppose -u*p + 5*k = -11, 8*p = 5*p - k + 41. Calculate the remainder when 59 is divided by p.
11
Let w(j) = 68*j**3 + j**2 - 1. Calculate the remainder when w(2) is divided by 25.
22
Let c(p) = 3*p**3 - 46*p**2 + 50*p - 389. What is the remainder when 519 is divided by c(15)?
111
Suppose v + 20*v - 10*v = 15840. What is the remainder when v is divided by 131?
130
Let f(a) = a**3 - 40*a**2 + 3*a - 103. Calculate the remainder when 118 is divided by f(40).
16
Suppose -6*t + 168 = -3*t. Let w be (-71 + 64)/(1/(2 - 3)). Suppose -w*i + t = i. What is the remainder when i is divided by 3?
1
Calculate the remainder when (11*1)/((-1)/(-2)) is divided by (-2*(-2)/12)/(-45 - (-85095)/1890).
8
Let y(u) = -7*u + 95. Let b(v) = -v**2 + 15*v - 45. Let q be b(7). Let t(j) = -j**3 - 4*j**2 - j - 1. What is the remainder when t(-5) is divided by y(q)?
11
Let t(w) = -7*w**2 - 2 - 74*w + 0 + 77*w - w**3. Let l be t(-4). Let u = -26 - l. What is the remainder when 141 is divided by u?
33
Let b = 25 + -23. Suppose -b*z = 2*i - 114, -2*z + 100 = 4*i - 134. Calculate the remainder when 230 is divided by i.
5